 What is the hundreds digit of y?
1
Let b be 1 - -4 - (-2 - -3). Let c be 4/6*402/b. Let g = 4 + c. What is the units digit of g?
1
Let r(g) = 3*g**2 - 11*g - 4. Let n be r(11). Suppose -58*m + 60*m = n. What is the hundreds digit of m?
1
Let v be 10/(-3)*(-2214)/(-45). Let w = -106 - v. What is the units digit of w?
8
Let j(a) = 2*a - 3. Let y be j(3). Suppose -y = -2*d + 5. What is the tens digit of 4 + 212/d + 2?
5
Suppose -4*w + 70 + 94 = 0. Suppose 0 = g - w - 19. What is the tens digit of g?
6
Suppose 0 = 2*k + 3*x - 34, 7*x = -3*k + 2*x + 50. Let c be (-12)/k + 26/10. Suppose -69 = -4*i + 5*n, 3*i + 0*n = -c*n + 46. What is the units digit of i?
6
Let z(t) = 2*t - 7. Let c = 9 + -5. Suppose -k + c = -3*u + 21, 5*k = 4*u - 30. What is the units digit of z(u)?
3
Suppose 0 = 3*t - 3, -637 - 1961 = -s - 4*t. What is the units digit of s?
4
Suppose -2*a = -3*p + 540 - 1530, -4*p + 3*a = 1321. Let u be p/(-3) - (-16)/24. Suppose 5*m + 2*y = 173, -7*y = -3*m - 2*y + u. What is the units digit of m?
5
Suppose -28 = -3*b + 26. Suppose -100 + b = -2*q. What is the tens digit of q?
4
Suppose 5 = -5*g + 4*g, -5*l - 5*g - 10 = 0. Suppose -l*u - 164 = -5*u. What is the units digit of u?
2
Suppose 4*x - 16 = m, 5*m = -3*x + x - 190. Let y = 63 + m. Suppose 5*q = y + 28. What is the tens digit of q?
1
Suppose -5*q = 20 - 10. What is the tens digit of 65/1 - 8/q?
6
Suppose -2*k - 4*q = -6*q - 632, 0 = -3*q - 6. What is the hundreds digit of k?
3
Let u(s) = -65*s - 2. Let b be u(-1). Let q = -5 + b. What is the tens digit of q?
5
Suppose -w = k + 133 - 341, 3*k + 4*w = 621. Let c = 17 + k. What is the tens digit of c?
2
Let b = -85 + 90. Suppose -5*k + 2*t - t = -192, b*t - 15 = 0. What is the units digit of k?
9
Suppose 3*v - 18 = -5*u + 17, 2*u + 4*v - 28 = 0. Suppose -6*y = -u*y + 2. Let p = y + 14. What is the units digit of p?
3
Let q = -588 - -1184. Suppose 15*y = q + 2374. What is the units digit of y?
8
Suppose 17*t + 0 - 17 = 0. What is the units digit of (t - -16)*(-17)/(34/(-16))?
6
What is the units digit of 1581/6 - (27/(-6))/(-9)?
3
Suppose 0 = -8*o + 6*o + 414. Suppose 2*p + o = 5*p. What is the tens digit of p?
6
Let p be 0 + 2 - (-15 + -2). Suppose 4*u - u = 4*x - p, -4*u - 24 = -4*x. Let k = u - -23. What is the tens digit of k?
1
Suppose 1092 = -4*g + 8*g. What is the hundreds digit of g?
2
Let p(o) = o**3 + 32*o**2 - 63*o - 160. What is the thousands digit of p(-32)?
1
Let h(j) be the second derivative of j**5/20 - 13*j**4/12 + 19*j**3/6 + 9*j**2/2 + 5*j. Let v be h(11). Let a = 52 + v. What is the units digit of a?
8
Let f(r) = 3*r + 33. Suppose -5*m + z + 21 = -2*z, -3*m = 4*z - 30. What is the units digit of f(m)?
1
Suppose -12087 = -17*c + 3944. What is the tens digit of c?
4
Let r(h) = -h**2 + 12*h + 1. Suppose 13 = -4*u + 49. What is the units digit of r(u)?
8
Let f be (-7 - (-1256)/40)/((-2)/(-80)). Suppose z + 15*z = f. What is the tens digit of z?
6
Suppose -6262 = -4*o + 2*r, 3*o + o = -2*r + 6242. What is the thousands digit of o?
1
Let y(d) = -78*d**3 - 1. Let b be y(-1). What is the tens digit of 808/14 - (-22)/b?
5
Suppose 63*d = -180576 + 477117. What is the tens digit of d?
0
Let i(f) = f**3 - 6*f**2 + 8*f + 2. Let y be i(4). Suppose 2*b = -p + 148, b + y*p - 5*p - 81 = 0. What is the tens digit of b?
7
Let d = 26 + 36. Let p = 148 - d. What is the tens digit of p?
8
What is the units digit of 11*(-1257)/(-9) - (-18)/(-54)?
6
Suppose s - 5 + 2 = 0. What is the tens digit of (77 + s)*((-6)/5 + 2)?
6
Let d(f) = f**3 + 37*f**2 + 42*f - 97. What is the tens digit of d(-31)?
6
Suppose 0*b + 22*b - 5368 = 0. What is the tens digit of b?
4
Let r be (194/(-4))/((-9)/54). Suppose 11 = -7*z + r. What is the tens digit of z?
4
Let n(i) = i**2 + 24*i + 30. Let y be n(-25). Let r(m) = 2*m**3 - 4*m**2 + 5*m - 2. Let a be r(3). Let c = y - a. What is the tens digit of c?
2
Let w(o) = 3*o**2 - 19*o - 2. Let f be w(7). Let p(j) = 5*j**3 - 4 - 11*j**2 + 0*j**2 - 11*j - 4*j**3. What is the units digit of p(f)?
8
Let q(f) = f**2 + f. Let h(m) be the second derivative of -m**4/4 - 2*m**3/3 + 9*m**2/2 - 10*m. Let c(p) = h(p) + 5*q(p). What is the tens digit of c(-5)?
5
Let t = 785 - 376. What is the tens digit of t?
0
What is the units digit of ((-13)/(-26))/(3/7368)?
8
Let h = -620 + 2176. What is the tens digit of h?
5
Let z = -37 - -36. Let s be 2 - z - (-20)/1. Let p = s - 5. What is the tens digit of p?
1
Let k(s) = -s**3 - 5*s**2 + 3. Let a be k(-5). Let j(p) = -23 + p + p**2 + a*p + p. What is the units digit of j(-10)?
7
Let d be (-1*2)/((-4)/(-14)). Let c(o) = o. Let b(g) = g - 17. Let f(l) = b(l) - 4*c(l). What is the units digit of f(d)?
4
Let u = -39 + 161. What is the tens digit of u?
2
Suppose 5*l - 12365 = 3*z, 6*z = 4*l + 3*z - 9889. What is the thousands digit of l?
2
Suppose -579 = 3*s - 2736. Suppose 4*m = -5*f + 710, -5*m + s = 3*f + 280. What is the units digit of f?
8
Let n(c) = -c**3 - 6 + 4 + c + 16*c**2 + 14. Let s = -175 + 191. What is the units digit of n(s)?
8
Let p(g) = 2*g - 28. Let q be p(14). Suppose 0*t - t - 5*i + 46 = 0, q = 5*t - 5*i - 230. Suppose -5*a + 94 = -t. What is the tens digit of a?
2
Let v(j) = 3*j**2 - 15*j + 29. Let m be v(14). Suppose -3*s = -k - m, 4*k = -17 + 9. What is the hundreds digit of s?
1
Let r = 4101 - 2570. What is the thousands digit of r?
1
Let r = 28 - 25. Suppose 22 = r*d - 20. What is the units digit of d?
4
Suppose 0 = -4*u - 4*r + 809 - 41, -u + 3*r = -200. What is the tens digit of u?
9
Suppose 24 = -4*v - 2*g, 30 = -5*v + 4*g - 9*g. Let m(w) = -w - 1. Let c be m(v). Suppose 3*x - 116 = t, -c*t + 86 = 3*x - 0*x. What is the units digit of x?
7
Suppose 5*h = 5*w + 30, 2*h - 20 = 3*w + w. Suppose 3*m - 58 = -5*p, 5*m + h*p - 60 = p. What is the units digit of m?
1
Let h(v) = 26*v - 275. What is the hundreds digit of h(42)?
8
Suppose 0 = 3*r - 0*r - 69. Let b(x) = x**2 - 34*x - 268. Let u be b(-7). Suppose -u*d + r*d - 88 = 0. What is the tens digit of d?
2
Let g(r) = r - 3. Let d be g(6). Suppose -3*k - q = -1, 2*k = d*k + 2*q - 7. What is the units digit of 5/(20/72) + k?
7
Let z(c) = -2*c + 9. Let k be z(-8). Suppose 5*x - k = 70. What is the tens digit of x?
1
Let d = -118 - -131. Suppose -9*y = -d*y + 328. What is the units digit of y?
2
Let i(x) = -x + 13. Let o be i(11). Suppose o*g = -7*g + 99. What is the tens digit of g?
1
Let y = 19 + -11. Let r(j) = 4*j**2 + y + 3*j**2 - 8*j**2 + 7*j. What is the units digit of r(7)?
8
Let p = -4324 - -7655. What is the units digit of p?
1
Let q = 31 - 27. Suppose -p - 5*m + 9*m = -28, 4*m = -p - q. What is the units digit of p?
2
Let k(w) = 19*w**2 + 29*w - 9. What is the hundreds digit of k(-5)?
3
Suppose 17 = -w - 5*o, -6*o + 3*o - 6 = 2*w. Let h(v) = -5*v**2 + 11*v**3 + 7*v**w + 3*v - 20*v**3 + 4. What is the units digit of h(-4)?
0
Suppose 4*a + 4 = -4. Let i be (-1)/(a*(-2)/(-120)). What is the tens digit of i*(-5)/((-25)/2)?
1
Suppose -17*j = -2*j - 7185. What is the hundreds digit of j?
4
Let t(n) = n - 14. Let y be t(6). What is the hundreds digit of y*5/(-10) - -123?
1
Suppose -9*a = -13*a + 540. Let g = 252 - a. What is the tens digit of g?
1
Suppose 33*r - 30*r + 2*l - 6913 = 0, l = -2*r + 4608. What is the tens digit of r?
0
What is the units digit of (14 - (2 + -2))/((-36)/(-216))?
4
Let j(h) = 28*h**2 + 14*h + 18. What is the tens digit of j(-5)?
4
Let p = 24 - 24. Suppose p = -4*q + 116 + 164. Suppose 5*a - q = 3*a. What is the tens digit of a?
3
Suppose 6*q + 8929 = 37069. What is the hundreds digit of q?
6
Let g = -2 - -9. What is the units digit of (129/6)/(g/14)?
3
Let f(m) = m**3 + 5*m**2 + 5*m + 6. Let o be f(-4). Suppose o*j + 36 = 4*j. What is the units digit of j?
8
Let d = 1668 + -1150. What is the units digit of d?
8
Suppose -4*g + 33 = -4*s - 19, -5*g + 47 = s. Suppose 0 = 13*p - 8*p - g. What is the units digit of p?
2
Let a(m) = -m**3 - 5*m**2 + 5*m - 2. Let h be a(-6). Suppose h*j + t - 75 = 0, -5*t + 104 = 5*j - 1. What is the tens digit of (j/21)/1*49?
4
Let c(a) = 9*a**2 - a - 1. Let w be c(1). Suppose 30 = -w*i + 100. Suppose -2*r = i, 4*r = -3*x + 4 + 48. What is the tens digit of x?
2
Let l(a) be the third derivative of -a**6/120 + a**4/24 + 43*a**3/6 - 6*a**2. What is the units digit of 